 of 6806962133?
6
What is the hundred thousands digit of 93324583?
3
What is the thousands digit of 4118926338?
6
What is the billions digit of 2820325048?
2
What is the hundreds digit of 317501222?
2
What is the units digit of 15440804?
4
What is the tens digit of 2609870351?
5
What is the ten thousands digit of 1133482645?
8
What is the millions digit of 81545779?
1
What is the millions digit of 662002249?
2
What is the ten millions digit of 49163985?
4
What is the tens digit of 44246807?
0
What is the hundreds digit of 461756888?
8
What is the hundreds digit of 24288178?
1
What is the ten thousands digit of 59648110?
4
What is the units digit of 175594056?
6
What is the units digit of 175144521?
1
What is the thousands digit of 112438659?
8
What is the hundreds digit of 1617301736?
7
What is the ten thousands digit of 17321305?
2
What is the thousands digit of 26004457?
4
What is the hundred thousands digit of 1067894095?
8
What is the ten thousands digit of 277175711?
7
What is the tens digit of 49744320?
2
What is the millions digit of 126003751?
6
What is the hundreds digit of 409890814?
8
What is the hundred millions digit of 362160376?
3
What is the hundred thousands digit of 2277186134?
1
What is the hundred millions digit of 3602829811?
6
What is the millions digit of 145013450?
5
What is the ten thousands digit of 55899426?
9
What is the tens digit of 69410985?
8
What is the billions digit of 4940613207?
4
What is the units digit of 92015756?
6
What is the hundred thousands digit of 47243583?
2
What is the tens digit of 25610641?
4
What is the hundreds digit of 1543437561?
5
What is the millions digit of 339687775?
9
What is the hundred millions digit of 1754492753?
7
What is the billions digit of 1022076371?
1
What is the tens digit of 1637535571?
7
What is the hundreds digit of 94305267?
2
What is the billions digit of 1151875326?
1
What is the ten thousands digit of 1438696866?
9
What is the hundred thousands digit of 39712275?
7
What is the tens digit of 43326993?
9
What is the ten thousands digit of 739734027?
3
What is the hundreds digit of 8795147?
1
What is the hundred thousands digit of 4860294080?
2
What is the ten millions digit of 5081722914?
8
What is the units digit of 540770131?
1
What is the thousands digit of 121914974?
4
What is the units digit of 420076820?
0
What is the tens digit of 271034529?
2
What is the tens digit of 2576610273?
7
What is the ten thousands digit of 90203994?
0
What is the hundreds digit of 2277236243?
2
What is the ten thousands digit of 1982482620?
8
What is the thousands digit of 171165006?
5
What is the millions digit of 230694234?
0
What is the ten thousands digit of 21002393?
0
What is the ten millions digit of 620636249?
2
What is the thousands digit of 754430855?
0
What is the tens digit of 35997449?
4
What is the tens digit of 54726011?
1
What is the ten thousands digit of 2220842127?
4
What is the thousands digit of 292412433?
2
What is the ten thousands digit of 2483595579?
9
What is the ten thousands digit of 91502948?
0
What is the ten millions digit of 303636158?
0
What is the tens digit of 2184976064?
6
What is the hundred millions digit of 478595709?
4
What is the thousands digit of 32138657?
8
What is the units digit of 24817705?
5
What is the hundred thousands digit of 1263648494?
6
What is the hundred millions digit of 753998092?
7
What is the millions digit of 430260167?
0
What is the ten thousands digit of 35923790?
2
What is the hundred thousands digit of 2193720?
1
What is the hundred millions digit of 203075076?
2
What is the thousands digit of 150598198?
8
What is the ten thousands digit of 5400595108?
9
What is the tens digit of 161229309?
0
What is the hundred millions digit of 5875122958?
8
What is the hundred thousands digit of 406217405?
2
What is the ten millions digit of 6859207170?
5
What is the hundred millions digit of 1050125929?
0
What is the tens digit of 95677?
7
What is the thousands digit of 516934765?
4
What is the units digit of 3145221090?
0
What is the millions digit of 188579965?
8
What is the ten millions digit of 101237306?
0
What is the tens digit of 158685581?
8
What is the ten millions digit of 60027234?
6
What is the hundreds digit of 83650244?
2
What is the millions digit of 458096113?
8
What is the millions digit of 163792800?
3
What is the hundred thousands digit of 230129294?
1
What is the ten thousands digit of 5235105138?
0
What is the ten millions digit of 298757126?
9
What is the billions digit of 5602278752?
5
What is the hundred millions digit of 471993402?
4
What is the hundred millions digit of 142162425?
1
What is the ten thousands digit of 270495287?
9
What is the tens digit of 65262195?
9
What is the millions digit of 110975840?
0
What is the units digit of 888106300?
0
What is the ten millions digit of 49878114?
4
What is the tens digit of 6464183092?
9
What is the hundred thousands digit of 117902162?
9
What is the hundred thousands digit of 18281080?
2
What is the hundreds digit of 969323183?
1
What is the hundred millions digit of 1210308967?
2
What is the hundreds digit of 18466397?
3
What is the units digit of 3405741983?
3
What is the tens digit of 7856379324?
2
What is the tens digit of 290564254?
5
What is the tens digit of 1932889935?
3
What is the millions digit of 1353199149?
3
What is the hundred millions digit of 341097032?
3
What is the billions digit of 4735649456?
4
What is the tens digit of 36847058?
5
What is the hundred millions digit of 823483616?
8
What is the ten millions digit of 47261471?
4
What is the thousands digit of 803965460?
5
What is the thousands digit of 258834407?
4
What is the units digit of 157215551?
1
What is the millions digit of 63395129?
3
What is the tens digit of 258534617?
1
What is the units digit of 59520684?
4
What is the millions digit of 76219380?
6
What is the tens digit of 160551397?
9
What is the hundreds digit of 292008248?
2
What is the ten millions digit of 1469402965?
6
What is the tens digit of 772065496?
9
What is the tens digit of 14765022?
2
What is the hundreds digit of 44838396?
3
What is the ten millions digit of 786927419?
8
What is the hundred millions digit of 202405890?
2
What is the units digit of 1570902937?
7
What is the ten thousands digit of 242505607?
0
What is the billions digit of 1576071233?
1
What is the units digit of 4163622?
2
What is the millions digit of 19653917?
9
What is the ten thousands digit of 312116925?
1
What is the thousands digit of 52723829?
3
What is the hundred thousands digit of 407229048?
2
What is the millions digit of 2210636594?
0
What is the hundreds digit of 14934551?
5
What is the ten millions digit of 176811418?
7
What is the ten millions digit of 96979439?
9
What is the ten thousands digit of 186052124?
5
What is the hundreds digit of 1843746961?
9
What is the hundreds digit of 55424450?
4
What is the hundreds digit of 410413963?
9
What is the hundred thousands digit of 860478619?
4
What is the ten thousands digit of 393928387?
2
What is the hundred thousands digit of 49286932?
2
What is the millions digit of 73246165?
3
What is the ten thousands digit of 13000316?
0
What is the hundred millions digit of 836582429?
8
What is the thousands digit of 65958010?
8
What is the units digit of 26208972?
2
What is the tens digit of 509567130?
3
What is the hundred thousands digit of 55668254?
6
What is the units digit of 40341261?
1
What is the ten millions digit of 330104960?
3
What is the hundreds digit of 26546927?
9
What is the hundred thousands digit of 456477572?
4
What is the ten thousands digit of 97820561?
2
What is the hundreds digit of 111052250?
2
What is the millions digit of 8627381?
8
What is the hundred thousands digit of 531970278?
9
What is the ten thousands digit of 237683695?
8
What is the ten thousands digit of 472390489?
9
What is the thousands digit of 13021229?
1
What is the tens digit of 11437532?
3
What is the millions digit of 38070320?
8
What is the units digit of 38472576?
6
What is the ten millions digit of 3192356382?
9
What is the ten thousands digit of 90672430?
7
What is the millions digit of 1683357737?
3
What is the ten millions digit of 13797097?
1
What is the millions digit of 250941586?